{"id":133,"date":"2024-12-16T16:31:29","date_gmt":"2024-12-16T21:31:29","guid":{"rendered":"https:\/\/petrusipavel.org\/?p=133"},"modified":"2025-09-01T08:44:27","modified_gmt":"2025-09-01T12:44:27","slug":"ecole-de-dimanche","status":"publish","type":"page","link":"https:\/\/petrusipavel.org\/index.php\/fr\/ecole-de-dimanche\/","title":{"rendered":"Annonces"},"content":{"rendered":"\n<p class=\"has-medium-font-size\"><strong>Invitation au pick-nick organis\u00e9e par notre \u00e9glise le 6 septembre 2025, \u00e0 11h00, \u00e0 la Base de Plein Air de Ste-Foy<\/strong><\/p>\n\n\n\n<p>Nous vous invitons au pick-nick organis\u00e9e comme les autres ann\u00e9es \u00e0 la Base de Plein Air de Ste-Foy, le samedi 6 septembre 2025, au Preau (num\u00e9ro 10 sur la carte) qui d\u00e9butera \u00e0 11h00.<\/p>\n\n\n\n<figure class=\"wp-block-image size-full\"><img loading=\"lazy\" decoding=\"async\" width=\"1024\" height=\"680\" src=\"https:\/\/petrusipavel.org\/wp-content\/uploads\/2025\/04\/Base-plein-air-Ste-Foy.jpg\" alt=\"\" class=\"wp-image-285\"\/><\/figure>\n\n\n\n<p>Comme les ann\u00e9es pr\u00e9c\u00e9dentes, cette r\u00e9union a pour but de r\u00e9colter des fonds pour l&#8217;\u00e9glise. Il est \u00e0 noter que tous les pr\u00e9paratifs sont r\u00e9alis\u00e9s gr\u00e2ce au travail b\u00e9n\u00e9vole.<\/p>\n\n\n\n<p>Vous serez accueillis avec des collations, de la bi\u00e8re, de la musique et de la bonne humeur !<\/p>\n\n\n\n<p>Voici le lien et le plan avec la localisation de l&#8217;activit\u00e9. <a href=\"https:\/\/www.google.ca\/maps\/place\/Base+de+plein+air+de+Sainte-Foy\/@46.78772,-71.332946,13z\/data=!4m5!3m4!1s0x0:0x733c5a4f72e9d9e2!8m2!3d46.786848!4d-71.334104\" data-type=\"link\" data-id=\"https:\/\/www.google.ca\/maps\/place\/Base+de+plein+air+de+Sainte-Foy\/@46.78772,-71.332946,13z\/data=!4m5!3m4!1s0x0:0x733c5a4f72e9d9e2!8m2!3d46.786848!4d-71.334104\">Base Plein Air &#8211; Carte Google<\/a><\/p>\n\n\n\n<figure class=\"wp-block-image size-full\"><img loading=\"lazy\" decoding=\"async\" width=\"800\" height=\"621\" src=\"https:\/\/petrusipavel.org\/wp-content\/uploads\/2025\/04\/Harta-Base-de-Plein-Air800X600.jpg\" alt=\"\" class=\"wp-image-287\"\/><\/figure>\n\n\n\n<p>Nous esp\u00e9rons qu&#8217;en ce jour nous nous retrouverons tous pour cr\u00e9er ou r\u00e9tablir des liens entre nous, afin de mieux nous conna\u00eetre et, enfin et surtout, de passer quelques heures agr\u00e9ables ensemble, dans l&#8217;esprit de nos traditions.<\/p>\n\n\n\n<p>Comit\u00e9 des dames et conseil paroissial<\/p>\n","protected":false},"excerpt":{"rendered":"<p>Invitation au pick-nick organis\u00e9e par notre \u00e9glise le 6 septembre 2025, \u00e0 11h00, \u00e0 la Base de Plein Air de Ste-Foy Nous vous invitons au pick-nick organis\u00e9e comme les autres ann\u00e9es \u00e0 la Base de Plein Air de Ste-Foy, le&#8230; <a href=\"https:\/\/petrusipavel.org\/index.php\/fr\/ecole-de-dimanche\/\" class=\"readmore\">Read more<span class=\"screen-reader-text\">Annonces<\/span><span class=\"fa fa-angle-double-right\" aria-hidden=\"true\"><\/span><\/a><\/p>\n","protected":false},"author":1,"featured_media":0,"parent":0,"menu_order":0,"comment_status":"closed","ping_status":"open","template":"","meta":{"footnotes":""},"class_list":["post-133","page","type-page","status-publish","hentry"],"_links":{"self":[{"href":"https:\/\/petrusipavel.org\/index.php\/wp-json\/wp\/v2\/pages\/133","targetHints":{"allow":["GET"]}}],"collection":[{"href":"https:\/\/petrusipavel.org\/index.php\/wp-json\/wp\/v2\/pages"}],"about":[{"href":"https:\/\/petrusipavel.org\/index.php\/wp-json\/wp\/v2\/types\/page"}],"author":[{"embeddable":true,"href":"https:\/\/petrusipavel.org\/index.php\/wp-json\/wp\/v2\/users\/1"}],"replies":[{"embeddable":true,"href":"https:\/\/petrusipavel.org\/index.php\/wp-json\/wp\/v2\/comments?post=133"}],"version-history":[{"count":6,"href":"https:\/\/petrusipavel.org\/index.php\/wp-json\/wp\/v2\/pages\/133\/revisions"}],"predecessor-version":[{"id":417,"href":"https:\/\/petrusipavel.org\/index.php\/wp-json\/wp\/v2\/pages\/133\/revisions\/417"}],"wp:attachment":[{"href":"https:\/\/petrusipavel.org\/index.php\/wp-json\/wp\/v2\/media?parent=133"}],"curies":[{"name":"wp","href":"https:\/\/api.w.org\/{rel}","templated":true}]}}