{"id":101,"date":"2024-12-14T19:36:11","date_gmt":"2024-12-15T00:36:11","guid":{"rendered":"https:\/\/petrusipavel.org\/?p=101"},"modified":"2026-02-22T21:16:57","modified_gmt":"2026-02-23T02:16:57","slug":"conseil-de-la-paroisse-2024","status":"publish","type":"page","link":"https:\/\/petrusipavel.org\/index.php\/fr\/conseil-de-la-paroisse-2024\/","title":{"rendered":"Conseil de la Paroisse 2026"},"content":{"rendered":"\n<figure class=\"wp-block-table\"><table><tbody><tr><td><h3><b>Nom et pr\u00e9nom<\/b><\/h3><\/td><td><h3><b>Fonction<\/b><\/h3><\/td><td><h3><b>T\u00e9l\u00e8phone<\/b><\/h3><\/td><\/tr><tr><td> \n        \tRadu Mitric<\/td><td>Pr\u00e9sident<\/td><td> \n        \t418-609-5306<\/td><\/tr><tr><td>Eleonora Pop<\/td><td>Vice-pr\u00e9sidente<\/td><td>418-626-8891<\/td><\/tr><tr><td>Alin Toader<\/td><td>Secr\u00e9taire<\/td><td>418-915-1429<\/td><\/tr><tr><td>Mariana Crisciuc<\/td><td>Tr\u00e9sori\u00e8re<\/td><td>581-777-8012<\/td><\/tr><tr><td>Oana Rusu<\/td><td>Contr\u00f4leuse<\/td><td>418-871-2691<\/td><\/tr><tr><td>Liliana Farag<\/td><td>Contr\u00f4leuse<\/td><td>418-559-3484<\/td><\/tr><tr><td>Mihai Ioachim<\/td><td>Concierge<\/td><td>418-455-1242<\/td><\/tr><tr><td>Alina-Sabrina Stoicescu<\/td><td>Concierge<\/td><td>514-984-0575<\/td><\/tr><tr><td>Madi Siriac<\/td><td>Concierge<\/td><td>418-915-3749<\/td><\/tr><tr><td>Lucia Panoria Nicolau<\/td><td>Membre<\/td><td>418-842-9370<\/td><\/tr><tr><td>Nicoleta Postolache <\/td><td>Pr\u00e9sidente du Conseil de dammes<\/td><td>581-984-6028<\/td><\/tr><\/tbody><\/table><\/figure>\n\n\n\n<p><\/p>\n","protected":false},"excerpt":{"rendered":"<p>Nom et pr\u00e9nom Fonction T\u00e9l\u00e8phone Radu Mitric Pr\u00e9sident 418-609-5306 Eleonora Pop Vice-pr\u00e9sidente 418-626-8891 Alin Toader Secr\u00e9taire 418-915-1429 Mariana Crisciuc Tr\u00e9sori\u00e8re 581-777-8012 Oana Rusu Contr\u00f4leuse 418-871-2691 Liliana Farag Contr\u00f4leuse 418-559-3484 Mihai Ioachim Concierge 418-455-1242 Alina-Sabrina Stoicescu Concierge 514-984-0575 Madi Siriac Concierge&#8230; <a href=\"https:\/\/petrusipavel.org\/index.php\/fr\/conseil-de-la-paroisse-2024\/\" class=\"readmore\">Read more<span class=\"screen-reader-text\">Conseil de la Paroisse 2026<\/span><span class=\"fa fa-angle-double-right\" aria-hidden=\"true\"><\/span><\/a><\/p>\n","protected":false},"author":1,"featured_media":0,"parent":0,"menu_order":0,"comment_status":"closed","ping_status":"open","template":"","meta":{"footnotes":""},"class_list":["post-101","page","type-page","status-publish","hentry"],"_links":{"self":[{"href":"https:\/\/petrusipavel.org\/index.php\/wp-json\/wp\/v2\/pages\/101","targetHints":{"allow":["GET"]}}],"collection":[{"href":"https:\/\/petrusipavel.org\/index.php\/wp-json\/wp\/v2\/pages"}],"about":[{"href":"https:\/\/petrusipavel.org\/index.php\/wp-json\/wp\/v2\/types\/page"}],"author":[{"embeddable":true,"href":"https:\/\/petrusipavel.org\/index.php\/wp-json\/wp\/v2\/users\/1"}],"replies":[{"embeddable":true,"href":"https:\/\/petrusipavel.org\/index.php\/wp-json\/wp\/v2\/comments?post=101"}],"version-history":[{"count":6,"href":"https:\/\/petrusipavel.org\/index.php\/wp-json\/wp\/v2\/pages\/101\/revisions"}],"predecessor-version":[{"id":456,"href":"https:\/\/petrusipavel.org\/index.php\/wp-json\/wp\/v2\/pages\/101\/revisions\/456"}],"wp:attachment":[{"href":"https:\/\/petrusipavel.org\/index.php\/wp-json\/wp\/v2\/media?parent=101"}],"curies":[{"name":"wp","href":"https:\/\/api.w.org\/{rel}","templated":true}]}}